+ 9*d - 7 + 5 + 1 + 6. Determine w(l).
-22
Let m(t) be the first derivative of -1/6*t**4 + 1/6*t**3 + 3/5*t**5 + 17*t + 0*t**2 - 13. Let h(w) be the first derivative of m(w). Calculate h(1).
11
Let s be 3/((-135)/126 - 6/14). Let b be ((-56)/(-16))/((-1)/s). Let y(f) = -f**2 - 14 + 23 - 4*f - b. Calculate y(-4).
2
Suppose -4 = 4*w, w = 10*q - 5*q + 659. Let y be ((0 - 2)/(-4))/(11/q). Let k(c) = 2 + c + 2 + 4. Determine k(y).
2
Let u(r) = r**2 + r - 32. Let o be (-306)/(-255)*1*5*-1. Give u(o).
-2
Let q(s) = s - 166. Let x(n) = -46. Let h(r) = 4*q(r) - 14*x(r). Determine h(11).
24
Suppose 0 = 1114*j - 1138*j + 24. Let p(k) = -2*k**2 - 1. Determine p(j).
-3
Let f(z) = -z**2 - 15*z + 39. Let h be f(-17). Suppose h*n + 45 = -0*n. Let c = 15 + n. Let s(b) = -b**2 + 5*b + 4. What is s(c)?
-2
Let u = 17546 - 17575. Let h(y) = y**3 + 29*y**2 - 7*y - 212. What is h(u)?
-9
Let h(o) = 10*o - 144. Let d(v) = -v**3 + 14*v**2 - 10*v - 25. Let x be d(13). Calculate h(x).
-4
Let n(o) = -o**2 - 8*o + 7. Let t(z) be the third derivative of z**5/15 + z**4/24 - 17*z**2. Let w be t(-1). Suppose -14 = -w*x - 35. Calculate n(x).
14
Let w(i) be the first derivative of -i**4/4 + 20*i**3/3 + 43*i**2/2 + 18*i + 4712. Determine w(22).
-4
Let a(d) be the second derivative of -3*d**5/20 - 5*d**4/12 - d**3/3 - 3*d**2/2 + 2*d + 305. What is a(-2)?
5
Let g(r) = 1 - 3*r**2 - 4 + 2 - 5*r + r**3. Suppose -3*y - 19 = 2*p, 5*p - 12*y + 7*y - 65 = 0. Determine g(p).
-5
Let b(i) = -3*i**2 - 35*i - 26. Let k(f) = -f**2 - 12*f - 8. Let y(d) = -3*b(d) + 8*k(d). Suppose -5*u + 3*j - 24 = 0, -5*j + 0*j - 28 = 3*u. Give y(u).
-4
Suppose d + 0 - 2 = 0. Let b(a) = 1 - d*a**2 + 6*a + 0 - 1. Let c be (-24)/(-28) + (-66)/(-21). Calculate b(c).
-8
Let x(h) = -12*h - 14. Suppose -9*a = -5*i - 3, 8*i = 12*i + 4*a - 20. Calculate x(i).
-50
Let h(w) = -w**2 + 9*w - 9. Let m(g) = -g**3 + 2*g**2 - 45*g + 151. Let s be m(3). What is h(s)?
5
Suppose 40*m + 44 + 137 = 61. Let y(i) = -2*i**3 + 2*i**2 + 14*i + 2. What is y(m)?
32
Suppose 10*g + 12 + 62 + 46 = 0. Let c(q) = q**2 + 13*q + 14. Calculate c(g).
2
Let c(z) = -3*z - 3. Let h(u) = u**3 + 10*u**2 + 7*u - 11. Let n be h(-8). Let i = -28 + n. Let q = i - 35. Calculate c(q).
3
Let g(l) be the third derivative of -1/60*l**5 + 0 - 13/6*l**3 - l + 0*l**4 + 25*l**2. Calculate g(0).
-13
Let c(m) = m - 16. Suppose 0 = 39*k - 63*k - 24. Let o be (7 - (-216)/32) + k/(-4). Give c(o).
-2
Let b(o) = 11*o**3 + 25*o**2 - 3*o + 8. Let i(q) = 9*q**3 + 19*q**2 - 2*q + 9. Let h(f) = -4*b(f) + 5*i(f). Calculate h(5).
23
Suppose -p + 6 = -4*a, -21*p + 26*p = -2*a + 8. Let q(b) = b**2 - 8*b + 20. Give q(p).
8
Let k(q) be the third derivative of -q**4/8 + q**3/3 + q**2. Suppose 397*t + 423*t = 847*t - 81. What is k(t)?
-7
Let d(j) = 242 + 252 - 492 + 10*j - j**2 - 10*j. Calculate d(-4).
-14
Let q(m) = m**3 + 12*m**2 - 15*m - 19. Suppose 2*k + 4*r - 8 = 9*r, -2*k - 4*r - 28 = 0. Let z be (-13)/(k*(-7)/42). Determine q(z).
7
Let w = -14564 - -14570. Let k(h) = -2*h**2 + 2*h + 1. Determine k(w).
-59
Let k(b) be the first derivative of b**4/2 - 4*b**3 + 6*b**2 + 12*b + 30. Let t(d) = -d**3 + d + 2. Let a(x) = -k(x) - 3*t(x). Give a(-13).
8
Let w(h) = -2*h**2 - 14*h - 36. Let p(a) = -481*a + 957. Let t be p(2). Calculate w(t).
-16
Let u(v) = -v - 2 + 7*v - 3*v. Suppose 1823*c - 2335 = 562*c + 3970. What is u(c)?
13
Let z(l) = -l**2 - 4*l - 3. Suppose 3*f - 5*d = 2, 2*d + 24 = -f + 32. Determine z(f).
-35
Let m(c) = -2*c + 7. Let t(w) = -1. Suppose 4*l - 8 = 3*v, 0 = -v - 0*l - l + 2. Let j be v/(-1*8/4) + 2. Let q(x) = j*t(x) - m(x). Determine q(6).
3
Let u(t) = -536072*t - t**2 - 1 + 536080*t + 0 - 4. Let m = -7 + 12. What is u(m)?
10
Let o(d) = 27*d + 42. Let w(z) = 7*z + 13. Let a(x) = -6*o(x) + 22*w(x). What is a(8)?
-30
Suppose -3*s - 2*d - 4 = 0, -2*s = -4*s - d - 1. Suppose 6 = -s*p + 4. Let m(k) be the second derivative of -k**3 + 44*k - 2. Calculate m(p).
6
Let i(p) = -p**3 + 19*p**2 + p - 20. Suppose -22*g = -923 - 529. Suppose -g*f + 190 = -56*f. Give i(f).
-1
Let a(u) = -u**3 + u**2 - 2*u + 1. Let z = 74 - 40. Suppose -28*n - z = -11*n. Determine a(n).
17
Let w = -7 - -5. Let d be -15*(0 - w/(-6)). Let t(p) = 270*p**2 + 269*p**2 - 1061*p**2 + 272*p**2 + 2 - 7 - 5*p + 251*p**2. Calculate t(d).
-5
Let l(n) = 19*n**2 - n - 1. Let j(h) = 32*h**2 - h + 1. Let v(m) = -3*j(m) + 5*l(m). Determine v(-6).
-32
Let g(l) = 5*l**2 - 3*l**2 - 25*l + 30*l + 5. Suppose 2*x + 15 = 5*o, 2*o - 4*x = -0*o - 10. Suppose -5*r - 20 = -3*a - 0*a, -o*r - a = 20. Calculate g(r).
17
Let k be (-9)/(-18)*0/(-1 - 0). Suppose 4*o + 2*c = 396 - k, -2*c - 94 = -o. Let p = -98 + o. Let d(n) = n**2 - 4. Calculate d(p).
-4
Suppose -252 - 204 = -114*d. Let i(w) be the first derivative of w**4/4 - 4*w**3/3 - w**2/2 + 5*w + 2. Calculate i(d).
1
Suppose 58*h + 13*h - 1704 = 0. Let o(w) = -w**2 + 24*w + 3. Calculate o(h).
3
Let r(j) = 3*j**2 - 22*j - 16. Let c be r(-5). Let z(v) = -1 - v**2 - 172*v**3 + 2*v**2 + c*v**3. Give z(2).
-21
Let i(p) be the first derivative of p**3/3 - 9*p**2/2 + 19*p - 3612. Give i(0).
19
Let k(g) be the third derivative of g**5/60 + 5*g**4/12 - 7*g**3/6 - 935*g**2. Calculate k(-10).
-7
Let w(i) be the second derivative of -i**5/20 + i**4/12 + i**3/3 - 150*i. Give w(-2).
8
Let f(r) be the first derivative of -r**4/4 - 4*r**3/3 + 2*r**2 - 7*r + 1590. What is f(-6)?
41
Let f(n) = 46*n + 21. Let g(y) = -61*y - 21. Let k(j) = 4*f(j) + 3*g(j). Give k(-15).
6
Let s(p) = -p**2 - 94*p + 6. Let t(x) = -x**2 - 75*x + 5. Let f(a) = -4*s(a) + 5*t(a). Let c be 4/((-9)/(-3) - 4). Let o = c + 0. What is f(o)?
-19
Let j(s) = -s**3 - s**2 + 2*s - 16. Let u = -5207 + 5204. Determine j(u).
-4
Let c = 450 + -449. Let s(l) = -l + 2. Let r(p) = p**2 + 3*p - 13. Let a(x) = c*r(x) + 2*s(x). What is a(0)?
-9
Let p(y) be the second derivative of -y**4/4 + y**3/2 + 3*y**2/2 - 4*y. Suppose t - 28 + 13 = -2*o, -5*t - 6*o + 43 = 0. Determine p(t).
-3
Let x(k) = -2*k**3 - 28*k**2 + 2*k - 63. Let f(b) = b**2 - 3*b + 1. Let n(y) = -2*f(y) - x(y). Give n(-13).
9
Let k(l) be the third derivative of 7/60*l**5 - 1/120*l**6 + 0*l - 10*l**2 - 2/3*l**3 + 0 + 1/8*l**4. Determine k(7).
17
Let l(y) = y**2 + 6*y - 11. Let w be 27*(-42)/(-279) - 8/124. Let x = -3 - -24. Suppose -w*v - x = 11. What is l(v)?
5
Let k(h) = 2*h**2 + 2*h - 14. Let x be 0/(-12 + (-7 - -13)). What is k(x)?
-14
Let y(a) = -a**2 - 2*a - 1. Let u = -54 - -53. Let g be y(u). Let j(z) = z**2 - 2 - 4 + 4 + z - 6. Give j(g).
-8
Let f be ((3 - 5)*1 - (-59 + 61)) + 18. Let v(y) = 6*y - 75. Calculate v(f).
9
Let n(y) = y - 11*y**3 + 2*y**2 - 2*y**3 - 4*y**2 + 4*y**2. Let t(a) = a**3 + 62*a**2 + 60*a - 62. Let i be t(-61). Give n(i).
14
Let r(l) = -l**2 + 13*l - 30. Let d(t) = -t**2 + 12*t - 22. Let j(u) = 6*d(u) - 5*r(u). Determine j(9).
0
Let h(j) = 3*j + 3*j**2 + 4*j**2 - 2*j. Let c be (-2)/23 - 1735/(-115). Let d(o) = o - 14. Let p be d(c). Calculate h(p).
8
Let j be (-10)/(-80) - (5/3 + 3025/264). Let t(c) = 14*c + 178. Give t(j).
-4
Let f(c) = 1 - 1 - 50*c**2 + c**3 - 33*c**2 + 74*c**2 + 3 - c. Suppose -3*h = 15, 0*m + 5*h = 3*m - 52. Determine f(m).
-6
Let o be 1400/750*(-10)/3 + (-2)/(-9). Let b(g) be the third derivative of 1/3*g**3 - 1/24*g**4 + 0*g + 0 + g**2. What is b(o)?
8
Let k(p) = p**3 + 14*p**2 + p + 6. Let t = -824 + 1094. Let c = -284 + t. Give k(c).
-8
Let f(v) be the first derivative of v**3/3 + 9*v**2 + 41*v + 165. Calculate f(-16).
9
Let k(p) = 3*p**2 + p - 1. Let j(g) = 6*g**2 + 3*g - 3. Suppose -6 = 35*c - 41*c. Let d(y) = c*j(y) - 3*k(y). What is d(-3)?
-27
Suppose -2*h + 7 = -5. Let v(k) = -k**3 - 6*k**2 + 37 - 9*k - h*k**2 - 30 + 0*k**3. Calculate v(-11).
-15
Let u be 5/(70/4) + (-72)/56. Let d(w) be the second derivative of -3*w**5/2 + w**4/6 - w**2/2 - 17*w. Calculate d(u).
31
Let h(u) = -2*u**3 - 22*u**2 + u + 3. Let p be (11/5)/((-245)/1225). Give h(p).
-8
Let j(h) = -267*h**2 - 253*h**2 + 519*h**2 - 17*h + 57. Calculate j(-20).
-3
Suppose 10 = -2*y + 16. Suppose 0*n + 3*n + 12 = -y*w, 4*n = 4*w - 16. Let b(k) = 2*k + 13. Let o(u) = -u - 7. Let j(f) = -6*b(f) - 11*o(f). Determine j(w).
-1
Let r = 1 - -5. Let a be 50/r*18/15. Let d(k) = 4 - 8 + k - a + 1. Calculate d(9).
-4
Let d(l) be the first derivative of -l**3 + 22